{"id":139,"date":"2020-01-16T00:54:52","date_gmt":"2020-01-16T00:54:52","guid":{"rendered":"http:\/\/hygge.com.pt\/?page_id=139"},"modified":"2020-01-20T23:35:37","modified_gmt":"2020-01-20T23:35:37","slug":"home","status":"publish","type":"page","link":"https:\/\/hygge.com.pt\/","title":{"rendered":"Enjoying the good things in life"},"content":{"rendered":"\t\t<div data-elementor-type=\"wp-page\" data-elementor-id=\"139\" class=\"elementor elementor-139\">\n\t\t\t\t\t\t<section class=\"elementor-section elementor-top-section elementor-element elementor-element-a44e98f elementor-section-boxed elementor-section-height-default elementor-section-height-default\" data-id=\"a44e98f\" data-element_type=\"section\">\n\t\t\t\t\t\t<div class=\"elementor-container elementor-column-gap-default\">\n\t\t\t\t\t<div class=\"elementor-column elementor-col-100 elementor-top-column elementor-element elementor-element-83c81ec\" data-id=\"83c81ec\" data-element_type=\"column\">\n\t\t\t<div class=\"elementor-widget-wrap elementor-element-populated\">\n\t\t\t\t\t\t<div class=\"elementor-element elementor-element-844bde1 elementor-view-default elementor-widget elementor-widget-icon\" data-id=\"844bde1\" data-element_type=\"widget\" data-widget_type=\"icon.default\">\n\t\t\t\t<div class=\"elementor-widget-container\">\n\t\t\t\t\t<div class=\"elementor-icon-wrapper\">\n\t\t\t<div class=\"elementor-icon elementor-animation-pulse\">\n\t\t\t<i aria-hidden=\"true\" class=\"fas fa-stream\"><\/i>\t\t\t<\/div>\n\t\t<\/div>\n\t\t\t\t<\/div>\n\t\t\t\t<\/div>\n\t\t\t\t\t<\/div>\n\t\t<\/div>\n\t\t\t\t\t<\/div>\n\t\t<\/section>\n\t\t\t\t<section class=\"elementor-section elementor-top-section elementor-element elementor-element-51ceaf3 elementor-section-boxed elementor-section-height-default elementor-section-height-default\" data-id=\"51ceaf3\" data-element_type=\"section\">\n\t\t\t\t\t\t<div class=\"elementor-container elementor-column-gap-default\">\n\t\t\t\t\t<div class=\"elementor-column elementor-col-100 elementor-top-column elementor-element elementor-element-709f6ae\" data-id=\"709f6ae\" data-element_type=\"column\">\n\t\t\t<div class=\"elementor-widget-wrap elementor-element-populated\">\n\t\t\t\t\t\t<div class=\"elementor-element elementor-element-90039f6 elementor-widget elementor-widget-text-editor\" data-id=\"90039f6\" data-element_type=\"widget\" data-widget_type=\"text-editor.default\">\n\t\t\t\t<div class=\"elementor-widget-container\">\n\t\t\t\t\t\t\t<h3 style=\"text-align: center;\"><span style=\"color: #808080;\">Looking for the hygge side of life<\/span><\/h3><h5 style=\"text-align: center;\"><span style=\"color: #808080;\">A Hygge \u00e9 uma empresa que desenvolve h\u00e1 cerca de sete anos atividade na \u00e1rea de investimentos imobili\u00e1rios, constru\u00e7\u00e3o civil e carpintaria.<\/span><\/h5>\t\t\t\t\t\t<\/div>\n\t\t\t\t<\/div>\n\t\t\t\t\t<\/div>\n\t\t<\/div>\n\t\t\t\t\t<\/div>\n\t\t<\/section>\n\t\t\t\t<section class=\"elementor-section elementor-top-section elementor-element elementor-element-eaa4893 elementor-section-boxed elementor-section-height-default elementor-section-height-default\" data-id=\"eaa4893\" data-element_type=\"section\">\n\t\t\t\t\t\t<div class=\"elementor-container elementor-column-gap-default\">\n\t\t\t\t\t<div class=\"elementor-column elementor-col-100 elementor-top-column elementor-element elementor-element-74d6af8\" data-id=\"74d6af8\" data-element_type=\"column\">\n\t\t\t<div class=\"elementor-widget-wrap elementor-element-populated\">\n\t\t\t\t\t\t<div class=\"elementor-element elementor-element-770f87d elementor-widget elementor-widget-spacer\" data-id=\"770f87d\" data-element_type=\"widget\" data-widget_type=\"spacer.default\">\n\t\t\t\t<div class=\"elementor-widget-container\">\n\t\t\t\t\t<div class=\"elementor-spacer\">\n\t\t\t<div class=\"elementor-spacer-inner\"><\/div>\n\t\t<\/div>\n\t\t\t\t<\/div>\n\t\t\t\t<\/div>\n\t\t\t\t\t<\/div>\n\t\t<\/div>\n\t\t\t\t\t<\/div>\n\t\t<\/section>\n\t\t\t\t<section class=\"elementor-section elementor-top-section elementor-element elementor-element-77fb2be elementor-section-stretched elementor-section-boxed elementor-section-height-default elementor-section-height-default\" data-id=\"77fb2be\" data-element_type=\"section\" data-settings=\"{&quot;stretch_section&quot;:&quot;section-stretched&quot;}\">\n\t\t\t\t\t\t<div class=\"elementor-container elementor-column-gap-default\">\n\t\t\t\t\t<div class=\"elementor-column elementor-col-33 elementor-top-column elementor-element elementor-element-3ca6913\" data-id=\"3ca6913\" data-element_type=\"column\">\n\t\t\t<div class=\"elementor-widget-wrap elementor-element-populated\">\n\t\t\t\t\t\t<div class=\"elementor-element elementor-element-e0709b9 elementor-widget elementor-widget-text-editor\" data-id=\"e0709b9\" data-element_type=\"widget\" data-widget_type=\"text-editor.default\">\n\t\t\t\t<div class=\"elementor-widget-container\">\n\t\t\t\t\t\t\t<p><span style=\"color: #333333;\"><strong>Team<\/strong><\/span><\/p><p style=\"text-align: left;\">Somos uma equipa jovem e din\u00e2mica, que adotou o conceito Hygge!<\/p><p>\u00a0<\/p><p><span style=\"color: #333333;\"><strong>Hue-guh<\/strong><\/span><\/p><p>Hygge (em dinamarqu\u00eas hue-guh) \u00e9 uma palavra que os dinamarqueses utilizam para descrever um sentimento ou momento aconchegante, confort\u00e1vel ou especial.\u00a0Para n\u00f3s, \u00e9 em casa que melhor desfrutamos deste tipo de momentos, por isso a nossa miss\u00e3o \u00e9 proporcionar-lhe isso mesmo \u2013 casas aconchegantes, confort\u00e1veis e especiais.<\/p>\t\t\t\t\t\t<\/div>\n\t\t\t\t<\/div>\n\t\t\t\t\t<\/div>\n\t\t<\/div>\n\t\t\t\t<div class=\"elementor-column elementor-col-66 elementor-top-column elementor-element elementor-element-12b728b\" data-id=\"12b728b\" data-element_type=\"column\">\n\t\t\t<div class=\"elementor-widget-wrap elementor-element-populated\">\n\t\t\t\t\t\t<div class=\"elementor-element elementor-element-c8c614a elementor-widget elementor-widget-image\" data-id=\"c8c614a\" data-element_type=\"widget\" data-widget_type=\"image.default\">\n\t\t\t\t<div class=\"elementor-widget-container\">\n\t\t\t\t\t\t\t\t\t\t\t\t\t<img fetchpriority=\"high\" decoding=\"async\" width=\"768\" height=\"406\" src=\"https:\/\/hygge.com.pt\/wp-content\/uploads\/2020\/01\/Obra-T2-Comandante-Oliveira-Almada_Second-Bedroom-14-768x406.png\" class=\"attachment-medium_large size-medium_large wp-image-34\" alt=\"\" srcset=\"https:\/\/hygge.com.pt\/wp-content\/uploads\/2020\/01\/Obra-T2-Comandante-Oliveira-Almada_Second-Bedroom-14-768x406.png 768w, https:\/\/hygge.com.pt\/wp-content\/uploads\/2020\/01\/Obra-T2-Comandante-Oliveira-Almada_Second-Bedroom-14-300x158.png 300w, https:\/\/hygge.com.pt\/wp-content\/uploads\/2020\/01\/Obra-T2-Comandante-Oliveira-Almada_Second-Bedroom-14-1024x541.png 1024w, https:\/\/hygge.com.pt\/wp-content\/uploads\/2020\/01\/Obra-T2-Comandante-Oliveira-Almada_Second-Bedroom-14-1536x811.png 1536w, https:\/\/hygge.com.pt\/wp-content\/uploads\/2020\/01\/Obra-T2-Comandante-Oliveira-Almada_Second-Bedroom-14-1200x634.png 1200w, https:\/\/hygge.com.pt\/wp-content\/uploads\/2020\/01\/Obra-T2-Comandante-Oliveira-Almada_Second-Bedroom-14.png 1920w\" sizes=\"(max-width: 768px) 100vw, 768px\" \/>\t\t\t\t\t\t\t\t\t\t\t\t\t<\/div>\n\t\t\t\t<\/div>\n\t\t\t\t\t<\/div>\n\t\t<\/div>\n\t\t\t\t\t<\/div>\n\t\t<\/section>\n\t\t\t\t<section class=\"elementor-section elementor-top-section elementor-element elementor-element-dd576d8 elementor-section-boxed elementor-section-height-default elementor-section-height-default\" data-id=\"dd576d8\" data-element_type=\"section\">\n\t\t\t\t\t\t<div class=\"elementor-container elementor-column-gap-default\">\n\t\t\t\t\t<div class=\"elementor-column elementor-col-100 elementor-top-column elementor-element elementor-element-9a01c7d\" data-id=\"9a01c7d\" data-element_type=\"column\">\n\t\t\t<div class=\"elementor-widget-wrap elementor-element-populated\">\n\t\t\t\t\t\t<div class=\"elementor-element elementor-element-353672e elementor-widget elementor-widget-spacer\" data-id=\"353672e\" data-element_type=\"widget\" data-widget_type=\"spacer.default\">\n\t\t\t\t<div class=\"elementor-widget-container\">\n\t\t\t\t\t<div class=\"elementor-spacer\">\n\t\t\t<div class=\"elementor-spacer-inner\"><\/div>\n\t\t<\/div>\n\t\t\t\t<\/div>\n\t\t\t\t<\/div>\n\t\t\t\t\t<\/div>\n\t\t<\/div>\n\t\t\t\t\t<\/div>\n\t\t<\/section>\n\t\t\t\t<section class=\"elementor-section elementor-top-section elementor-element elementor-element-a40ad76 elementor-section-boxed elementor-section-height-default elementor-section-height-default\" data-id=\"a40ad76\" data-element_type=\"section\">\n\t\t\t\t\t\t<div class=\"elementor-container elementor-column-gap-default\">\n\t\t\t\t\t<div class=\"elementor-column elementor-col-100 elementor-top-column elementor-element elementor-element-a926526\" data-id=\"a926526\" data-element_type=\"column\">\n\t\t\t<div class=\"elementor-widget-wrap elementor-element-populated\">\n\t\t\t\t\t\t<div class=\"elementor-element elementor-element-8ed0cf0 elementor-widget elementor-widget-spacer\" data-id=\"8ed0cf0\" data-element_type=\"widget\" data-widget_type=\"spacer.default\">\n\t\t\t\t<div class=\"elementor-widget-container\">\n\t\t\t\t\t<div class=\"elementor-spacer\">\n\t\t\t<div class=\"elementor-spacer-inner\"><\/div>\n\t\t<\/div>\n\t\t\t\t<\/div>\n\t\t\t\t<\/div>\n\t\t\t\t\t<\/div>\n\t\t<\/div>\n\t\t\t\t\t<\/div>\n\t\t<\/section>\n\t\t\t\t<section class=\"elementor-section elementor-top-section elementor-element elementor-element-d8cfb8b elementor-section-stretched elementor-section-boxed elementor-section-height-default elementor-section-height-default\" data-id=\"d8cfb8b\" data-element_type=\"section\" data-settings=\"{&quot;stretch_section&quot;:&quot;section-stretched&quot;}\">\n\t\t\t\t\t\t<div class=\"elementor-container elementor-column-gap-extended\">\n\t\t\t\t\t<div class=\"elementor-column elementor-col-33 elementor-top-column elementor-element elementor-element-23f6870\" data-id=\"23f6870\" data-element_type=\"column\">\n\t\t\t<div class=\"elementor-widget-wrap elementor-element-populated\">\n\t\t\t\t\t\t<div class=\"elementor-element elementor-element-db96a04 elementor-widget elementor-widget-text-editor\" data-id=\"db96a04\" data-element_type=\"widget\" data-widget_type=\"text-editor.default\">\n\t\t\t\t<div class=\"elementor-widget-container\">\n\t\t\t\t\t\t\t<p><strong>Customers are our priority<\/strong><\/p><p>Quando pensamos num projeto, gostamos de pensar cada divis\u00e3o at\u00e9 ao mais pequeno detalhe.<\/p><p>A nossa prioridade \u00e9 garantir o conceito est\u00e9tico que idealizamos, mas n\u00e3o ficamos por aqui. Queremos criar um espa\u00e7o \u00e0 medida das necessidades do nosso cliente e com o m\u00e1ximo conforto para quem o ir\u00e1 utilizar.<\/p><p>\u00a0<\/p><p><strong>Efficiency<\/strong><\/p><p>Somos conscientes de que os recursos \u00e0 nossa disposi\u00e7\u00e3o n\u00e3o s\u00e3o ilimitados, pelo que privilegiamos a utiliza\u00e7\u00e3o de materiais ecol\u00f3gicos, sustent\u00e1veis e eficientes.<\/p>\t\t\t\t\t\t<\/div>\n\t\t\t\t<\/div>\n\t\t\t\t\t<\/div>\n\t\t<\/div>\n\t\t\t\t<div class=\"elementor-column elementor-col-66 elementor-top-column elementor-element elementor-element-25bae5b\" data-id=\"25bae5b\" data-element_type=\"column\">\n\t\t\t<div class=\"elementor-widget-wrap elementor-element-populated\">\n\t\t\t\t\t\t<div class=\"elementor-element elementor-element-2d3683a elementor-widget elementor-widget-image\" data-id=\"2d3683a\" data-element_type=\"widget\" data-widget_type=\"image.default\">\n\t\t\t\t<div class=\"elementor-widget-container\">\n\t\t\t\t\t\t\t\t\t\t\t\t\t<img decoding=\"async\" width=\"768\" height=\"513\" src=\"https:\/\/hygge.com.pt\/wp-content\/uploads\/2020\/01\/DSC_5549-768x513.jpg\" class=\"attachment-medium_large size-medium_large wp-image-80\" alt=\"\" srcset=\"https:\/\/hygge.com.pt\/wp-content\/uploads\/2020\/01\/DSC_5549-768x513.jpg 768w, https:\/\/hygge.com.pt\/wp-content\/uploads\/2020\/01\/DSC_5549-300x200.jpg 300w, https:\/\/hygge.com.pt\/wp-content\/uploads\/2020\/01\/DSC_5549-1024x684.jpg 1024w, https:\/\/hygge.com.pt\/wp-content\/uploads\/2020\/01\/DSC_5549-1536x1026.jpg 1536w, https:\/\/hygge.com.pt\/wp-content\/uploads\/2020\/01\/DSC_5549.jpg 1800w\" sizes=\"(max-width: 768px) 100vw, 768px\" \/>\t\t\t\t\t\t\t\t\t\t\t\t\t<\/div>\n\t\t\t\t<\/div>\n\t\t\t\t\t<\/div>\n\t\t<\/div>\n\t\t\t\t\t<\/div>\n\t\t<\/section>\n\t\t\t\t<section class=\"elementor-section elementor-top-section elementor-element elementor-element-34d3d38 elementor-section-boxed elementor-section-height-default elementor-section-height-default\" data-id=\"34d3d38\" data-element_type=\"section\">\n\t\t\t\t\t\t<div class=\"elementor-container elementor-column-gap-default\">\n\t\t\t\t\t<div class=\"elementor-column elementor-col-100 elementor-top-column elementor-element elementor-element-433abe5\" data-id=\"433abe5\" data-element_type=\"column\">\n\t\t\t<div class=\"elementor-widget-wrap elementor-element-populated\">\n\t\t\t\t\t\t<div class=\"elementor-element elementor-element-40b3646 elementor-widget elementor-widget-spacer\" data-id=\"40b3646\" data-element_type=\"widget\" data-widget_type=\"spacer.default\">\n\t\t\t\t<div class=\"elementor-widget-container\">\n\t\t\t\t\t<div class=\"elementor-spacer\">\n\t\t\t<div class=\"elementor-spacer-inner\"><\/div>\n\t\t<\/div>\n\t\t\t\t<\/div>\n\t\t\t\t<\/div>\n\t\t\t\t\t<\/div>\n\t\t<\/div>\n\t\t\t\t\t<\/div>\n\t\t<\/section>\n\t\t\t\t<section class=\"elementor-section elementor-top-section elementor-element elementor-element-0f9d806 elementor-section-boxed elementor-section-height-default elementor-section-height-default\" data-id=\"0f9d806\" data-element_type=\"section\">\n\t\t\t\t\t\t<div class=\"elementor-container elementor-column-gap-default\">\n\t\t\t\t\t<div class=\"elementor-column elementor-col-100 elementor-top-column elementor-element elementor-element-72245bd\" data-id=\"72245bd\" data-element_type=\"column\">\n\t\t\t<div class=\"elementor-widget-wrap elementor-element-populated\">\n\t\t\t\t\t\t<div class=\"elementor-element elementor-element-4ef77c6 elementor-widget elementor-widget-spacer\" data-id=\"4ef77c6\" data-element_type=\"widget\" data-widget_type=\"spacer.default\">\n\t\t\t\t<div class=\"elementor-widget-container\">\n\t\t\t\t\t<div class=\"elementor-spacer\">\n\t\t\t<div class=\"elementor-spacer-inner\"><\/div>\n\t\t<\/div>\n\t\t\t\t<\/div>\n\t\t\t\t<\/div>\n\t\t\t\t\t<\/div>\n\t\t<\/div>\n\t\t\t\t\t<\/div>\n\t\t<\/section>\n\t\t\t\t<section class=\"elementor-section elementor-top-section elementor-element elementor-element-8f5836d elementor-section-stretched elementor-section-boxed elementor-section-height-default elementor-section-height-default\" data-id=\"8f5836d\" data-element_type=\"section\" data-settings=\"{&quot;stretch_section&quot;:&quot;section-stretched&quot;}\">\n\t\t\t\t\t\t<div class=\"elementor-container elementor-column-gap-default\">\n\t\t\t\t\t<div class=\"elementor-column elementor-col-33 elementor-top-column elementor-element elementor-element-fa39b32\" data-id=\"fa39b32\" data-element_type=\"column\">\n\t\t\t<div class=\"elementor-widget-wrap elementor-element-populated\">\n\t\t\t\t\t\t<div class=\"elementor-element elementor-element-97965dc elementor-widget elementor-widget-text-editor\" data-id=\"97965dc\" data-element_type=\"widget\" data-widget_type=\"text-editor.default\">\n\t\t\t\t<div class=\"elementor-widget-container\">\n\t\t\t\t\t\t\t<p><strong>Be different, be nice<\/strong><\/p><p>Testamos diversas abordagens e solu\u00e7\u00f5es, para que o resultado final possa ser diferenciador.<\/p><p>Acompanhamos os projetos desde o in\u00edcio: come\u00e7amos por elaborar um plano em 3D, contribuindo para uma melhor perce\u00e7\u00e3o do que ser\u00e1 o resultado final.<\/p><p><strong>Lets create a hygge space<\/strong><\/p><p>Fazemos um acompanhamento constante da obra at\u00e9 \u00e0 fase de stagging, na qual conseguimos criar um espa\u00e7o real e o mais aproximado poss\u00edvel do quotidiano.\u00a0Assim, exploramos ao m\u00e1ximo o potencial de cada casa onde trabalhamos, garantindo que poder\u00e1 usufruir de um espa\u00e7o Hygge!<\/p>\t\t\t\t\t\t<\/div>\n\t\t\t\t<\/div>\n\t\t\t\t\t<\/div>\n\t\t<\/div>\n\t\t\t\t<div class=\"elementor-column elementor-col-66 elementor-top-column elementor-element elementor-element-0bb2c0c\" data-id=\"0bb2c0c\" data-element_type=\"column\">\n\t\t\t<div class=\"elementor-widget-wrap elementor-element-populated\">\n\t\t\t\t\t\t<div class=\"elementor-element elementor-element-0149373 elementor-widget elementor-widget-image\" data-id=\"0149373\" data-element_type=\"widget\" data-widget_type=\"image.default\">\n\t\t\t\t<div class=\"elementor-widget-container\">\n\t\t\t\t\t\t\t\t\t\t\t\t\t<img decoding=\"async\" src=\"https:\/\/hygge.com.pt\/wp-content\/uploads\/2020\/01\/DSC_5557.jpg\" title=\"DSC_5557\" alt=\"DSC_5557\" loading=\"lazy\" \/>\t\t\t\t\t\t\t\t\t\t\t\t\t<\/div>\n\t\t\t\t<\/div>\n\t\t\t\t\t<\/div>\n\t\t<\/div>\n\t\t\t\t\t<\/div>\n\t\t<\/section>\n\t\t\t\t<\/div>\n\t\t","protected":false},"excerpt":{"rendered":"<p>Looking for the hygge side of life A Hygge \u00e9 uma empresa que desenvolve h\u00e1 cerca de sete anos atividade na \u00e1rea de investimentos imobili\u00e1rios, constru\u00e7\u00e3o civil e carpintaria. Team Somos uma equipa jovem e din\u00e2mica, que adotou o conceito Hygge! Hue-guh Hygge (em dinamarqu\u00eas hue-guh) \u00e9 uma palavra que os dinamarqueses utilizam para descrever [&hellip;]<\/p>\n","protected":false},"author":1,"featured_media":0,"parent":0,"menu_order":0,"comment_status":"closed","ping_status":"closed","template":"","meta":{"footnotes":""},"class_list":["post-139","page","type-page","status-publish","hentry"],"_links":{"self":[{"href":"https:\/\/hygge.com.pt\/index.php?rest_route=\/wp\/v2\/pages\/139","targetHints":{"allow":["GET"]}}],"collection":[{"href":"https:\/\/hygge.com.pt\/index.php?rest_route=\/wp\/v2\/pages"}],"about":[{"href":"https:\/\/hygge.com.pt\/index.php?rest_route=\/wp\/v2\/types\/page"}],"author":[{"embeddable":true,"href":"https:\/\/hygge.com.pt\/index.php?rest_route=\/wp\/v2\/users\/1"}],"replies":[{"embeddable":true,"href":"https:\/\/hygge.com.pt\/index.php?rest_route=%2Fwp%2Fv2%2Fcomments&post=139"}],"version-history":[{"count":31,"href":"https:\/\/hygge.com.pt\/index.php?rest_route=\/wp\/v2\/pages\/139\/revisions"}],"predecessor-version":[{"id":235,"href":"https:\/\/hygge.com.pt\/index.php?rest_route=\/wp\/v2\/pages\/139\/revisions\/235"}],"wp:attachment":[{"href":"https:\/\/hygge.com.pt\/index.php?rest_route=%2Fwp%2Fv2%2Fmedia&parent=139"}],"curies":[{"name":"wp","href":"https:\/\/api.w.org\/{rel}","templated":true}]}}